is the tens digit of n?
1
Let x(m) = m**3 + 5*m**2 + 5. Let n be x(-5). Suppose -5*o - 4*v = 3, -n + 2 = -3*o - 4*v. What is the tens digit of 21 + o/(12/16)?
1
Suppose -456*k = -463*k + 21462. What is the thousands digit of k?
3
Let g(t) = -3*t - 2. Let n be g(-3). Suppose -50 = -n*y + 524. What is the units digit of y?
2
Suppose 2312 = 84*r - 544. What is the tens digit of r?
3
Let n be 400/(-15)*(-3)/2. What is the units digit of (-3 - 0) + 2 + n?
9
Let s be (-2)/6*3*(-2 + -1). Suppose 3*c - s*f - 10 = 11, 4*c = -2*f + 34. What is the units digit of c?
8
What is the hundreds digit of (-5302*2/10)/(162/(-405))?
6
Suppose -1353 - 126 = -3*l. What is the hundreds digit of l?
4
What is the hundreds digit of 112825/30 + 4/(-168)*-7?
7
Let o be (3 - -129)/1 - 3. Suppose -2*y + o + 13 = 0. Let u = y + -33. What is the units digit of u?
8
Suppose 0 = 5*c - 1 - 14. Let m be (-2 + c)/(1/2). What is the units digit of (1/m)/(2/140)?
5
Let g(n) = 42*n**2 + 23*n + 29. What is the tens digit of g(-4)?
0
Let a(n) = 3*n + 7. Let y be a(9). Suppose 4 - y = -m. Let k = 42 - m. What is the units digit of k?
2
What is the units digit of 508/8 + (-1)/2?
3
Suppose -93*g + 92*g = -640. What is the hundreds digit of g?
6
Let w be 90/((-2)/(-2)*1). Suppose 4*c - 81 - 64 = s, -4*s = -2*c + w. What is the tens digit of c?
3
Let i be (-8)/(-16) + (-7)/(-2). Suppose -y = -6 - i. Suppose y = 4*x + 2, 5*x + 8 = 3*a. What is the units digit of a?
6
Let a = 5 - 0. Let r(u) = -2*u**2 + 8*u + 5. Let g be r(4). Suppose -4*n + g*l - 2*l + 17 = 0, 0 = -a*n - l + 45. What is the units digit of n?
8
Suppose -4463 = -4*t - r, -6218 + 1757 = -4*t - 3*r. What is the units digit of t?
6
What is the units digit of 2712 - -6*2/6?
4
Suppose -a + 4 = -0. Let d = 15 - a. What is the tens digit of d?
1
Let m be (-4)/(-6) - 78/(-18). Suppose -78 - 197 = -m*b. What is the units digit of b?
5
Suppose 4*y + 4*d - 22783 = -1735, -15776 = -3*y - d. What is the units digit of y?
7
Suppose 2*y = 2*g - 2538, -y + 0*y + 1273 = g. What is the units digit of g?
1
Let w be 28 + 1 + 3/((-6)/4). Suppose 20 = -0*j + 4*j. Suppose 0 = u - 4*l, -2*u - j*l + 25 = -w. What is the tens digit of u?
1
Suppose 24*n + 26949 - 131109 = 0. What is the thousands digit of n?
4
Suppose 2*f - 3259 + 403 = 0. What is the thousands digit of f?
1
Let l(s) = 7*s**2 - 8*s - 10. Let b be l(-5). What is the units digit of b + 2 + 9/(-3) + -1?
3
Let f(s) = 243*s + 457. What is the units digit of f(12)?
3
Let o be 2/(-4)*0 - (-62 + 3). Let z = o + -11. What is the tens digit of z?
4
Suppose 17*q = 12*q - 350. Let r = q - -170. What is the hundreds digit of r?
1
Let i be -1*(-4)/12 + 14/(-6). Suppose -30 = 2*l - 7*l. What is the units digit of i*l*(-15)/12?
5
Let b = 2220 - 1032. What is the tens digit of b?
8
Suppose -2*q - 4 = 42. Let s(v) = -v + 22. What is the units digit of s(q)?
5
Let j = -29 + 69. What is the tens digit of 3424/j + (-6)/10?
8
Let f = -85 + 75. What is the tens digit of ((-52)/8 + -1)*f - -3?
7
Let m = -39 - -45. Suppose m*r - 38 = 1246. What is the units digit of r?
4
Let p = 734 + -76. What is the tens digit of p?
5
Let v(m) be the second derivative of -m**5/20 + m**4/4 + 5*m**3/3 - m**2/2 - 16*m. What is the units digit of v(4)?
3
Let s(j) = -9*j + 2. Suppose 5*w = -4*f + 5, 12 + 8 = f - 5*w. Let z(t) = -t**2 + 5*t - 1. Let h be z(f). What is the units digit of s(h)?
1
Let b be ((-9)/(-2))/(6/16). Let n(h) = h**2 - 9*h + 4. Let v be n(9). Let c = b - v. What is the units digit of c?
8
Suppose 5*r + 2*i - 101 = 0, -3*r + 37 + 36 = -5*i. Suppose -3*s - r + 81 = 0. Let f = s + -17. What is the units digit of f?
3
Let k = -4 - -24. Let t = 51 + k. What is the units digit of t?
1
Let h = 26 - 30. What is the tens digit of (-246)/h - (-5)/10?
6
Suppose -2*r - 4*o + 623 = -627, -4*r - 3*o = -2490. What is the hundreds digit of r?
6
Let v(p) = 12*p**2 - 9*p - 63. What is the units digit of v(-8)?
7
Suppose 0 = -4*q + 166 - 2. Let z = -32 + q. Suppose z*j = 7*j + 112. What is the units digit of j?
6
Let g be 0 - (-56 + (-2 - -1)). Let x be 22/99 - ((-5936)/9)/2. Suppose 0 = 7*z + g - x. What is the tens digit of z?
3
Let g be 311 - 4/3*9/(-6). Let b = -189 + g. What is the hundreds digit of b?
1
Let q be 2 + -201 - (-4 - -1). Let u = -59 - q. What is the units digit of u?
7
Let b(h) = 10*h**2 - 17*h + 9. Let s be b(6). What is the units digit of s/9 + 1 - 1/(-3)?
1
Let f(o) = o**3 + 13*o**2 + 10*o - 22. Let i be f(-12). Suppose -i*p = 4*m - 334, 4*p + p + 3*m = 821. What is the hundreds digit of p?
1
Suppose 3*x = 4*l + 2491, -2*x + 1660 = -3*l - 0*l. What is the units digit of x?
3
Suppose -5*q - 2463 = 2*l - 15484, -2*q = -4*l - 5194. What is the hundreds digit of q?
6
Let a(u) = 2*u**3 - 3*u**2 - 4*u - 2. What is the units digit of a(7)?
9
Suppose 546 = 4*w - 3*w + 3*z, -2*w - 4*z = -1098. What is the units digit of w?
5
Suppose 45 = 2*u - 3*u + 4*w, -u - 4*w = 29. Let k = 46 + u. What is the units digit of k?
9
What is the units digit of (-2409)/(-9) + (-6)/(-18)?
8
Let k(c) = -6*c**2 - 2*c - 2. Let d be k(-6). Let z be (-4)/14 + d/14. What is the tens digit of (z/(-10))/((-2)/(-28))?
2
Let m(k) = 1959*k**2 + 4*k - 5. What is the tens digit of m(1)?
5
Let n(z) = 104*z + 38. What is the tens digit of n(4)?
5
Let w(r) be the second derivative of 20*r**3/3 + 9*r**2 - 3*r - 1. What is the hundreds digit of w(3)?
1
Suppose -3*w = -2*z + 11019, -27542 = -5*z - w + 3*w. What is the tens digit of z?
0
Let z(v) = -27*v + 8*v - 2*v**3 + 2*v**2 + 223 + 10*v + 8*v. What is the hundreds digit of z(0)?
2
Let k be ((-4)/12*0)/2. Suppose -7*o - 2*o + 297 = k. What is the tens digit of o?
3
Suppose -i - 21 = -25. Let m(u) = 2*u**3 - 5*u**2 - u - 3. What is the tens digit of m(i)?
4
Let b(c) = -c**3 + 10*c**2 - 8*c - 8. Let p be b(9). Let y be (-2)/6*15/p. Let k = y - -15. What is the tens digit of k?
1
Suppose -3*j + 4*x - 2 = -3, -2*x = j + 3. Let i be (j/2)/(3/(-114)). Let l = i + -4. What is the tens digit of l?
1
Let f(y) = y**2 + y + 5. Let p be f(8). Let u = -28 + p. What is the tens digit of u?
4
Let t(w) be the second derivative of -w**3 - 3*w**2 - 9*w. Let n be t(-9). What is the tens digit of (-18)/7*(-896)/n?
4
Let w(v) = -9*v**3 - 6*v**2 + 6*v + 1 + 4 + 3*v**3 + 4*v**3. Let q be (3/6)/(2/(-20)). What is the units digit of w(q)?
5
Suppose 5*c - 3*h - 333 - 374 = 0, -3*c + h = -425. Let z = c - 96. Suppose 4*r - z = 10. What is the tens digit of r?
1
Suppose 0 = 3*m - 9 + 3. Suppose 0 = 2*t + 10, -5*t + 281 = m*z + z. What is the hundreds digit of z?
1
Let v = 8 - -118. Let j = v + -9. What is the tens digit of j?
1
Let h(c) = c + 3*c - 257*c**2 - 3 + 267*c**2. What is the units digit of h(-3)?
5
Let q = 32 - 16. Suppose 3*a - 171 = 2*c, a - 5*c - q = 28. What is the tens digit of a?
5
Suppose 0 = -i + 9 - 17. Let n = i + 9. What is the units digit of n?
1
Let q = 25 - 22. Suppose -5*a = 2*m - 266, -q*m + 67 = a + 2*m. What is the units digit of a?
2
Let y(u) = 2*u + 2. Suppose 0 = -4*g - 19 + 7. Let a be y(g). What is the units digit of (1/a)/(2/(-104))?
3
Suppose -109*c - 1976 = -113*c. What is the tens digit of c?
9
Let u be ((-18)/4)/((-6)/8). Suppose -m + 26 = u. What is the units digit of m?
0
Let q(n) = n**3 - 9*n**2 - 12*n - 10. Let b be q(11). Suppose b = -p + 6*p. What is the units digit of p?
0
Let d(z) be the third derivative of -z**6/120 + z**4/8 - z**3/6 + z**2. Let k be (-14)/4*2 + (-12)/(-3). What is the tens digit of d(k)?
1
Let o be (-1)/(9/2) - (-1645)/(-9). Let w = o + 283. What is the units digit of w?
0
Let w(s) = -s**3 - 3*s**2 + 6*s + 15. What is the tens digit of w(-8)?
8
Let h = 10 + -64. Let r = h + 64. What is the units digit of r?
0
Suppose -i - 9*d + 7*d = -801, -2*i - 5*d = -1606. What is the units digit of i?
3
Suppose -4*i + 7642 = 5*s, -3816 + 11440 = 5*s - 2*i. What is the hundreds digit of s?
5
Suppose -1 - 7 = -t - 4*f, 2*t + 5*f = 10. Suppose -28*w + 288 = -300. Let h = w - t. What is the units digit of h?
1
Let m = -42 + 46. Suppose c - 5 = m*o + 35, -c - o = -25. What is the tens digit of c?
2
Let i(x) be the second derivative of x**4/4 - 4*x**3/3 + x**2 + 3*x. What is the tens digit of i(-4)?
8
Suppose 0 = 4*s - 327 - 1629. What is the units digit of s?
9
Suppose 9*m + 51